False
Is 14 a factor of 16413761?
False
Is 34 a factor of 476246568?
True
Is 590 a factor of 1940112101?
False
Is 171 a factor of 6121458?
True
Is 123 a factor of 43264755?
False
Is 7 a factor of 543875871?
True
Is 553272025 a multiple of 25?
True
Does 115 divide 2638124955?
True
Does 1525 divide 33144350?
True
Is 62568445 a multiple of 4118?
False
Is 76577600 a multiple of 2290?
True
Does 91 divide 446742296?
True
Is 14582695 a multiple of 4?
False
Does 124 divide 766322168?
False
Is 351 a factor of 51451445?
False
Is 20 a factor of 739392558?
False
Does 41 divide 1243340006?
True
Is 22 a factor of 7259340?
True
Does 385 divide 25572850?
False
Does 189 divide 553366950?
False
Is 185057452 a multiple of 202?
True
Is 837 a factor of 99460820?
False
Is 87852633 a multiple of 93?
False
Does 7 divide 123976895?
True
Does 9176 divide 2688134016?
False
Is 59252758 a multiple of 1282?
True
Is 428 a factor of 15209746?
False
Is 5697 a factor of 1053945?
True
Does 148 divide 438929806?
False
Does 1503 divide 764555467?
False
Does 1082 divide 44262322?
False
Is 13 a factor of 936051820?
False
Is 585425855 a multiple of 3689?
True
Is 1282455955 a multiple of 4502?
False
Is 19 a factor of 267257062?
False
Is 2107229960 a multiple of 43?
False
Is 239 a factor of 46651127?
True
Does 2506 divide 856651040?
True
Does 34 divide 501255336?
True
Does 412 divide 7498360?
False
Is 10 a factor of 132169232?
False
Is 25 a factor of 1042046600?
True
Is 25696494 a multiple of 183?
True
Is 20333224 a multiple of 2456?
True
Is 789031079 a multiple of 228?
False
Does 20 divide 7890751?
False
Is 2874 a factor of 494899926?
True
Is 6 a factor of 51279780?
True
Is 238278657 a multiple of 6?
False
Does 8 divide 529731024?
True
Is 13 a factor of 87172124?
True
Is 34 a factor of 175527380?
True
Is 1614448563 a multiple of 6225?
False
Is 5975 a factor of 1383304874?
False
Does 249 divide 58504329?
False
Does 14 divide 345196236?
True
Does 29 divide 7323936?
False
Is 53 a factor of 32842503?
False
Does 538 divide 89912876?
False
Is 1242 a factor of 35623480?
False
Does 22 divide 14844984?
True
Is 41 a factor of 40756624?
True
Is 1090 a factor of 122843217?
False
Is 13 a factor of 467831377?
True
Does 612 divide 233042430?
False
Is 1012506 a multiple of 46?
True
Is 1928679504 a multiple of 75?
False
Is 1436451816 a multiple of 139?
False
Does 7 divide 2727397?
False
Is 66 a factor of 23614800?
True
Does 12 divide 18054396?
True
Is 43 a factor of 296212?
False
Is 4 a factor of 1065745360?
True
Does 499 divide 22686572?
False
Does 1926 divide 242387100?
True
Is 251739664 a multiple of 1577?
True
Does 24 divide 63610345?
False
Is 220 a factor of 19923080?
False
Is 13 a factor of 1641627?
True
Is 7628 a factor of 6300286189?
False
Does 5 divide 15829899?
False
Is 28 a factor of 363738116?
True
Does 25 divide 14198375?
True
Is 13 a factor of 243842651?
True
Is 1378379 a multiple of 3?
False
Is 12555402 a multiple of 105?
False
Is 227 a factor of 19475692?
True
Is 358 a factor of 718807436?
True
Is 1092657634 a multiple of 326?
False
Is 206 a factor of 19572472?
True
Does 5 divide 1167670?
True
Does 144 divide 1172400480?
True
Is 124226970 a multiple of 42?
True
Is 67 a factor of 3934575?
True
Is 3875 a factor of 107922625?
True
Is 540615276 a multiple of 2113?
True
Is 93 a factor of 20519307?
False
Is 216 a factor of 138032208?
True
Is 195311050 a multiple of 1192?
False
Is 11 a factor of 783647971?
False
Is 69018284 a multiple of 58?
False
Is 23 a factor of 13915124?
False
Does 1073 divide 56591093?
True
Does 6 divide 272417613?
False
Does 386 divide 6113617?
False
Does 197 divide 102368745?
False
Does 5 divide 784127465?
True
Is 196575996 a multiple of 852?
True
Does 2337 divide 199335225?
False
Does 29 divide 37437375?
False
Does 472 divide 1568870130?
False
Does 335 divide 453555160?
True
Does 592 divide 132115456?
True
Does 1869 divide 933656367?
False
Is 22 a factor of 45794640?
False
Is 340269080 a multiple of 27?
False
Is 29605724 a multiple of 150?
False
Is 644 a factor of 153703579?
False
Is 435532500 a multiple of 3750?
True
Does 4 divide 12757343?
False
Is 13 a factor of 25256077?
False
Is 10 a factor of 2499650?
True
Is 2648661 a multiple of 14?
False
Does 335 divide 263373650?
True
Is 16 a factor of 66783344?
True
Does 591 divide 830823163?
False
Is 760831020 a multiple of 7?
False
Does 4790 divide 496713420?
True
Is 6007 a factor of 1577432193?
True
Is 589144527 a multiple of 549?
True
Is 13941137 a multiple of 2659?
True
Does 29 divide 1653431607?
True
Does 11 divide 622324428?
True
Is 1421673172 a multiple of 346?
True
Does 37 divide 2755644?
False
Is 285418504 a multiple of 28?
True
Is 6 a factor of 116464934?
False
Is 8477526 a multiple of 46?
False
Is 15 a factor of 196327613?
False
Does 1743 divide 804235887?
True
Does 11378 divide 2883697696?
False
Is 33436005 a multiple of 2339?
True
Is 298983301 a multiple of 493?
True
Does 51 divide 4115501?
False
Is 512157611 a multiple of 3?
False
Does 12 divide 97700160?
True
Does 56 divide 16010776?
False
Is 5 a factor of 62724571?
False
Does 94 divide 7600624?
False
Is 973710496 a multiple of 181?
True
Is 2045 a factor of 38641537?
False
Is 640 a factor of 1234108926?
False
Is 870 a factor of 40573320?
True
Is 73 a factor of 12005726?
True
Does 3791 divide 2238558963?
True
Is 268944709 a multiple of 93?
False
Is 122280834 a multiple of 138?
True
Does 880 divide 242764720?
True
Does 1092 divide 16140651?
False
Does 1335 divide 39414540?
True
Is 4851 a factor of 683442837?
True
Does 148 divide 30576838?
False
Does 761 divide 68892569?
True
Is 1067192050 a multiple of 31?
True
Does 6 divide 4899900?
True
Is 38 a factor of 600036158?
False
Is 473 a factor of 1175156302?
False
Is 50 a factor of 242472498?
False
Is 37053618 a multiple of 21?
True
Is 1052560764 a multiple of 652?
True
Does 37 divide 18336941?
True
Does 2128 divide 538612503?
False
Is 1076302 a multiple of 614?
False
Does 3238 divide 158554144?
False
Is 29857838 a multiple of 1172?
False
Is 98367189 even?
False
Is 3183 a factor of 97657623?
True
Is 2451462 a multiple of 13?
True
Does 7481 divide 950296468?
True
Is 17663312 a multiple of 492?
False
Does 462 divide 381642136?
False
Is 94 a factor of 25448056?
True
Does 2044 divide 82838263?
False
Is 103264056 a multiple of 331?
True
Is 4 a factor of 2888545?
False
Is 5346147430 a multiple of 117?
False
Is 303 a factor of 53146345?
False
Is 4184482 a multiple of 6?
False
Is 2547 a factor of 42941031?
False
Does 16 divide 1287518?
False
Is 19 a factor of 78863946?
True
Does 838 divide 45106169?
False
Does 137 divide 434678956?
False
Does 162 divide 512819424?
True
Does 2037 divide 23107282?
False
Is 65 a factor of 127433950?
False
Does 268 divide 37695038?
False
Is 722 a factor of 99751012?
False
Does 2 divide 156623270?
True
Is 3193103034 a multiple of 198?
True
Is 166675666 a multiple of 167?
False
Is 1755041970 a multiple of 285?
True
Is 1273 a factor of 36853350?
True
Is 28 a factor of 30772526?
False
Is 2742024847 a multiple of 7890?
False
Is 19 a factor of 1423836687?
True
Is 4347 a factor of 688965900?
False
Is 55 a factor of 44414229?
False
Is 228461688 a multiple of 472?
True
Is 131 a factor of 6684144?
True
Is 2825 a factor of 48601359?
False
Does 1284 divide 96081720?
True
Is 2219 a factor of 1748849414?
False
Is 7 a factor of 8427811?
True
Does 156 divide 242520038?
False
Does 132 divide 798942540?
True
Does 124 divide 300416771?
False
Does 384 divide 19918080?
True
Is 516 a factor of 10473527?
False
Is 404 a factor of 11040512?
True
Is 9446057 a multiple of 124?
False
Is 11 a factor of 17020965?
False
Is 108904325 a multiple of 35?
False
Does 73 divide 5335643?
True
Does 139 divide 2213481702?
False
Does 41 divide 175725069?
False
Does 935 divide 13206541?
False
Is 1296 a factor of 14670720?
True
Is 1336800185 a multiple of 85?
True
Is 149877993 a multiple of 2593?
True
Does 382 divide 440828?
True
Does 2351 divide 43869660?
True
Is 10986720 a multiple of 94?
True
Is 9 a factor of 2532933567?
True
Is 113172649 even?
False
Is 30329208 a multiple of 1092?
True
Is 32 a factor of 1666219?
False
Does 5 divide 5153169?
False
Is 21438390 a multiple of 5?
True
Is 6 a factor of 4607700?
True
Does 2829 divide